s divided by 116.
33
Calculate the remainder when 23089 is divided by 679.
3
What is the remainder when 124648 is divided by 116?
64
What is the remainder when 40103 is divided by 183?
26
What is the remainder when 1536 is divided by 303?
21
What is the remainder when 7372 is divided by 1194?
208
Calculate the remainder when 14728 is divided by 2916.
148
Calculate the remainder when 79584 is divided by 333.
330
What is the remainder when 50872 is divided by 790?
312
Calculate the remainder when 755 is divided by 463.
292
What is the remainder when 3291 is divided by 125?
41
Calculate the remainder when 178141 is divided by 43.
35
Calculate the remainder when 59328 is divided by 79.
78
What is the remainder when 144850 is divided by 37?
32
Calculate the remainder when 19591 is divided by 8.
7
What is the remainder when 6662 is divided by 185?
2
Calculate the remainder when 880737 is divided by 420.
417
What is the remainder when 99017 is divided by 14144?
9
What is the remainder when 68736 is divided by 491?
487
Calculate the remainder when 7994 is divided by 309.
269
What is the remainder when 25031 is divided by 128?
71
What is the remainder when 386783 is divided by 55253?
12
Calculate the remainder when 130308 is divided by 25.
8
What is the remainder when 9079814 is divided by 313?
310
Calculate the remainder when 3161 is divided by 165.
26
Calculate the remainder when 2870 is divided by 548.
130
What is the remainder when 2078 is divided by 141?
104
What is the remainder when 8882 is divided by 57?
47
What is the remainder when 28935 is divided by 7233?
3
What is the remainder when 78812 is divided by 40?
12
What is the remainder when 56699 is divided by 36?
35
Calculate the remainder when 11012 is divided by 270.
212
Calculate the remainder when 1173 is divided by 122.
75
What is the remainder when 52 is divided by 46?
6
Calculate the remainder when 1480858 is divided by 228.
226
Calculate the remainder when 18146 is divided by 2268.
2
Calculate the remainder when 34905 is divided by 17442.
21
Calculate the remainder when 2243375 is divided by 6.
5
What is the remainder when 28162 is divided by 971?
3
What is the remainder when 22650 is divided by 459?
159
What is the remainder when 3898 is divided by 104?
50
What is the remainder when 10379 is divided by 10368?
11
What is the remainder when 5451 is divided by 2723?
5
Calculate the remainder when 31141 is divided by 970.
101
What is the remainder when 1034 is divided by 176?
154
Calculate the remainder when 5730 is divided by 185.
180
Calculate the remainder when 1058304 is divided by 181.
178
Calculate the remainder when 4286 is divided by 32.
30
What is the remainder when 50977 is divided by 125?
102
Calculate the remainder when 149939 is divided by 146.
143
What is the remainder when 42713 is divided by 21?
20
What is the remainder when 2187 is divided by 952?
283
Calculate the remainder when 1798925 is divided by 58.
55
What is the remainder when 41262 is divided by 41260?
2
What is the remainder when 42614 is divided by 14204?
2
Calculate the remainder when 2865 is divided by 1875.
990
Calculate the remainder when 2353 is divided by 31.
28
What is the remainder when 28076 is divided by 76?
32
What is the remainder when 2504407 is divided by 853?
852
What is the remainder when 208072 is divided by 14862?
4
Calculate the remainder when 33669 is divided by 16834.
1
Calculate the remainder when 37106 is divided by 57.
56
What is the remainder when 137512 is divided by 427?
18
What is the remainder when 24782 is divided by 164?
18
What is the remainder when 6278 is divided by 140?
118
Calculate the remainder when 745 is divided by 34.
31
What is the remainder when 287973 is divided by 568?
565
Calculate the remainder when 3232653 is divided by 1527.
1521
What is the remainder when 12989 is divided by 110?
9
What is the remainder when 3568 is divided by 3113?
455
What is the remainder when 30380 is divided by 9693?
1301
Calculate the remainder when 39334 is divided by 2068.
42
Calculate the remainder when 17596828 is divided by 19.
16
Calculate the remainder when 1566 is divided by 131.
125
Calculate the remainder when 1432 is divided by 70.
32
Calculate the remainder when 3170 is divided by 2512.
658
Calculate the remainder when 75788 is divided by 468.
440
What is the remainder when 18560 is divided by 422?
414
Calculate the remainder when 7124 is divided by 307.
63
What is the remainder when 291296 is divided by 60?
56
Calculate the remainder when 2964 is divided by 769.
657
What is the remainder when 3662 is divided by 131?
125
What is the remainder when 910276 is divided by 20?
16
What is the remainder when 11825 is divided by 68?
61
Calculate the remainder when 2887 is divided by 1369.
149
Calculate the remainder when 148003 is divided by 334.
41
Calculate the remainder when 28104 is divided by 136.
88
Calculate the remainder when 23475 is divided by 146.
115
Calculate the remainder when 3846778 is divided by 1420.
1418
What is the remainder when 5596 is divided by 1855?
31
Calculate the remainder when 999 is divided by 325.
24
What is the remainder when 4469 is divided by 787?
534
Calculate the remainder when 4517 is divided by 2244.
29
What is the remainder when 2636 is divided by 64?
12
What is the remainder when 828617 is divided by 11?
9
What is the remainder when 70688 is divided by 70677?
11
What is the remainder when 453 is divided by 265?
188
What is the remainder when 1209918 is divided by 1091?
1090
Calculate the remainder when 124130 is divided by 65.
45
What is the remainder when 1266 is divided by 256?
242
Calculate the remainder when 542788 is divided by 76.
72
Calculate the remainder when 31097 is divided by 266.
241
Calculate the remainder when 67734 is divided by 92.
22
What is the remainder when 120 is divided by 77?
43
What is the remainder when 632517 is divided by 18?
15
Calculate the remainder when 30275 is divided by 10088.
11
What is the remainder when 15522 is divided by 3841?
158
What is the remainder when 1722 is divided by 700?
322
What is the remainder when 1387 is divided by 34?
27
What is the remainder when 4143 is divided by 318?
9
Calculate the remainder when 6107 is divided by 243.
32
Calculate the remainder when 12809 is divided by 107.
76
Calculate the remainder when 1618 is divided by 724.
170
Calculate the remainder when 560623 is divided by 345.
343
What is the remainder when 34657 is divided by 282?
253
What is the remainder when 134113 is divided by 67034?
45
Calculate the remainder when 634 is divided by 627.
7
What is the remainder when 993138 is divided by 875?
13
Calculate the remainder when 1162 is divided by 1052.
110
What is the remainder when 1524118 is divided by 780?
778
What is the remainder when 104893 is divided by 52433?
27
Calculate the remainder when 1210565 is divided by 287.
286
Calculate the remainder when 400088 is divided by 34.
10
Calculate the remainder when 20119 is divided by 117.
112
What is the remainder when 2031747 is divided by 135?
132
What is the remainder when 188060 is divided by 18805?
10
What is the remainder when 7042 is divided by 181?
164
What is the remainder when 8211 is divided by 232?
91
What is the remainder when 560238 is divided by 376?
374
What is the remainder when 63382 is divided by 556?
554
What is the remainder when 21540 is divided by 4266?
210
Calculate the remainder when 2898 is divided by 35.
28
What is the remainder when 5581 is divided by 32?
13
What is the remainder when 15998 is divided by 7995?
8
What is the remainder when 8430 is divided by 701?
18
Calculate the remainder when 100713 is divided by 327.
324
Calculate the remainder when 15346 is divided by 7673.
0
What is the remainder when 742 is divided by 323?
96
What is the remainder when 11481 is divided by 1913?
3
Calculate the remainder when 108197 is divided by 100.
97
Calculate the remainder when 2454 is divided by 164.
158
What is the remainder when 4731 is divided by 338?
337
Calculate the remainder when 440970 is divided by 117.
114
What is the remainder when 5460 is divided by 5284?
176
Calculate the remainder when 1663 is divided by 516.
115
Calculate the remainder when 8358 is divided by 55.
53
What is the remain